e of -9*v**5/20 - v**3/6 - v**2/2 - 13*v. Let b be (4/(-6))/((-6)/(-9)). Determine f(b).
9
Let t(p) be the first derivative of -47*p**4/4 - 23*p**3/3 - 7*p**2 + 2. Let o(q) = -16*q**3 - 8*q**2 - 5*q. Let m(y) = 17*o(y) - 6*t(y). Calculate m(1).
11
Let h(d) = -2 - 8*d + 1 + 0. Let m be 2/3 + (-1)/(-3). Let k(n) = n**3 - 2*n**2. Let q be k(m). Give h(q).
7
Let k be 0/((-6)/(-15) + (-6)/(-10)). Let d(q) be the third derivative of 1/120*q**6 + 0 + 0*q + 0*q**3 + 1/60*q**5 + q**2 - 1/24*q**4. Determine d(k).
0
Let v(i) = 0*i + 5 + 4*i**2 - 4*i - 6*i**2. Determine v(-4).
-11
Let t(l) = -l**3 - 10 + 7 - 4*l**2 + 0 - 3*l. Let c(u) = -u**2 - 3*u + 3. Let d be c(-5). Let o be 1/2*(d + 1). Determine t(o).
-3
Suppose 0 = w + 2*w - 12. Suppose -3*p = h + w*h, -4*h - 7 = p. Let m(d) = d**3 - 6*d**2 + 4*d + 1. Calculate m(p).
-4
Let r(i) = -i - 2. Let x be r(-14). Let n(a) = -1 + 5 - x*a + 5*a - 2*a - 5*a**2 + a**3. What is n(6)?
-14
Let z be 2/8*-6*(-8)/(-6). Let g(w) = -w**3 + 4*w**2 + 2*w - 1. What is g(z)?
19
Let c(l) = -l. Let o(a) = a**2 - 11*a. Let y(h) = 4*c(h) - o(h). Give y(5).
10
Let w be 3/(-1)*(-40)/6. Suppose 3 + 17 = 4*y. Suppose -p - y = -4*u, p + w = -3*u - 3*p. Let t(k) = k + 6. What is t(u)?
6
Let h(j) = 8*j + 19*j**2 - 18*j**2 + 9 + 2*j. Determine h(-6).
-15
Let p = -12 - -8. Let s(i) = -i**2 - 5*i + 2. What is s(p)?
6
Let j(b) be the second derivative of 2/3*b**3 + 0 - 2*b**2 + 1/12*b**4 - 5*b. What is j(-5)?
1
Let c(g) = g - 2. Let w(a) = -6*a + 6. Let o(i) = 5*c(i) + w(i). What is o(-5)?
1
Suppose m = 1 + 27. Let p(s) = m*s + 1 - 28*s - 6*s**2. Determine p(-1).
-5
Suppose 3 = -z + 6. Let d(n) = -3*n + 1. What is d(z)?
-8
Let v(i) = 3*i + 0 + 2 - 3 + 0*i. Let b be (-5)/((-15)/(-6)) - -3. What is v(b)?
2
Let d be -3 + 5 + 3 + -11. Let l = d - 0. Let h(k) = -k**2 - 7*k + 5. What is h(l)?
11
Let y(u) = -u**2 + 4*u + 1. Let m be y(4). Let j(o) = o**2 + 2 - m + 0. What is j(-2)?
5
Let a(w) = w - 1. Let s(k) = -k**2 + 2. Let z(l) = -3*a(l) - s(l). What is z(2)?
-1
Let p(z) be the third derivative of -z**6/120 + z**5/12 + 7*z**4/24 + z**3/6 + 32*z**2. What is p(6)?
7
Suppose 2*s + 2 = -2*m, 5*s - 35 = 2*m + 3*m. Let o(y) = y**3 - 3*y**2 + 5*y - 4. What is o(s)?
11
Suppose 4*h - 25 = -5*n - h, -3*h + 6 = 0. Let l(q) = 0*q - 2 + 2*q + n*q - 4*q. What is l(5)?
3
Let q(c) = -c + 6. Let w(d) = d**3 + 3*d**2 + 5. Let t be w(-3). Determine q(t).
1
Let l(p) = -3*p**3 - p**2 - 2*p - 1. Let u be l(-1). Let i be 1*(-2 - (-4 + u)). Let b be -1 - 0*i/(-2). Let a(s) = -6*s - 1. Calculate a(b).
5
Let a(t) = -14*t**2 - 2*t + 2. Let y(s) = 5*s**2 + s - 1. Let m(i) = 6*a(i) + 17*y(i). Let f be -2*1*(-2)/4. Let n be 1 - 3 - 3/f. Give m(n).
-5
Suppose 4 + 4 = 4*t. Let d(o) = 8*o - 3 + t*o - 8*o. Let c be d(2). Let u(k) = 7*k**3 - k. Calculate u(c).
6
Let t(b) = 5*b**3 - b + 1. Let r be t(1). Let w(s) = -s**2 + 8*s - 7. Determine w(r).
8
Let f(n) = n**3 + 9*n**2 - 11*n - 6. Let s be f(-10). Let q = 10 - -5. Suppose -5 = -s*k + q. Let l(z) = z**3 - 4*z**2 - 4*z - 5. Calculate l(k).
0
Let c(u) = -123*u**2 + u**3 + 123*u**2 - 4. Determine c(0).
-4
Let t(g) be the first derivative of -g**2/2 + g + 3. Let u(f) = 5*f - 4. Let n be (-2)/(-6) - (-11)/3. Let j(d) = n*t(d) + u(d). What is j(5)?
5
Let x be -1 - -5 - -1 - 1. Let t(v) = -v**2 + 2*v + 9. Let k(j) = j**2 - 2*j - 8. Let a(f) = -7*k(f) - 6*t(f). Give a(x).
-6
Let b(x) = 4*x + 4. Suppose -w = -5*l + 9, 5*l - l + 3*w = 11. Let u = -2 - l. Give b(u).
-12
Let y(j) = -5 + 4 - 6*j + 3*j. Let t(v) = v + 1. Suppose z + 2*z = 18. Let q(r) = z*t(r) + 3*y(r). Determine q(2).
-3
Let x(q) = q**2 + 5*q + 4. Let f be x(-4). Let d(w) = -1 - w + f + 3 + 1. Let u be d(0). Let m(h) = -2*h + 4. Calculate m(u).
-2
Let g(k) = 0*k - k**2 + 5*k - 2 - 5*k - k**3. What is g(-2)?
2
Let j(v) = -v**2 - 9*v + 7. Let u be (-6)/3*28/8. Determine j(u).
21
Let k(h) be the first derivative of -2 + 0*h**2 + h + 0*h**3 - 3/4*h**4. Determine k(1).
-2
Let j(a) = -3*a**2 + 5*a - 4. Let l(w) = -5*w**2 + 10*w - 8. Suppose -5*q = -3 - 17. Let d(v) = q*l(v) - 7*j(v). Calculate d(-6).
2
Let d = 26 + -2. Let t = -26 + d. Let i(n) = -3*n + 3 - 1 + 4*n + 2*n**2. Calculate i(t).
8
Let b(r) be the third derivative of -1/12*r**4 - 7*r**2 + 0 + 7/6*r**3 + 0*r. Determine b(6).
-5
Let b(j) be the third derivative of j**6/120 + j**5/60 - j**4/24 - j**3/6 - 2*j**2. Calculate b(0).
-1
Let z = 3 - 3. Let k(u) = u - 5. Let m be k(8). Let a = z + m. Let b(w) = -w**3 + 3*w**2 + w - 3. Give b(a).
0
Let m(y) = -3*y - 1. Suppose 16 = 2*n + 20. What is m(n)?
5
Let m = -3 + 3. Suppose -20 = -b + 2*b + 5*y, b + 2*y + 11 = m. Let s(v) = -5*v**3 - 5*v**2 - 1 + 4*v**3 - 16*v + 15*v. Determine s(b).
4
Let q(z) = 150 - z - 150. Calculate q(4).
-4
Suppose 2*l - 14 = -4*c, 3*l + 1 = c + 8. Let h(m) = m - 1. Let v be h(c). Let w(t) = -t**2 + t. What is w(v)?
0
Let h = 3 + 0. Let m(u) be the third derivative of -u**5/60 + u**4/6 + u**3/6 - 3*u**2. Calculate m(h).
4
Let r = -22 - -13. Let p = -8 - r. Let l(j) = -5*j**2 - j. What is l(p)?
-6
Let s(g) = 11*g**3 + 1. Let z be 4 - (30/3 + -5). Give s(z).
-10
Let c(t) = t**2 - 8*t + 5. Let n be c(7). Let x = -6 - n. Let j(g) = g**2 + 3*g - 1. Give j(x).
3
Suppose -34 = 5*f - 4*j, 1 = -f + j - 6. Let c be (6 + f)/(1 - 2). Suppose c = 2*u + 3 + 3. Let k(g) = g**3 + 2*g**2 - 5*g - 2. Calculate k(u).
4
Let i(y) = -y - 2. Let g(r) = -2*r - 1. Let v(m) = -2*g(m) + 3*i(m). Determine v(8).
4
Let a(o) = o**3 + 4. Let b(x) = x**3 + 5*x**2 + 3*x + 3. Let j be b(-4). Let t(w) = w**2 - 8*w + 7. Let d be t(j). Determine a(d).
4
Let a(w) = w**3 - 13*w**2 - 2*w + 26. Let s be a(13). Let q(y) = y**2 - 11. Calculate q(s).
-11
Let f(b) = -b**2 - 3*b + 1. Let u(y) = y. Let n(i) = f(i) + 4*u(i). Let k(g) = 4*g**3 - 3*g**2 + g + 1. Let d(r) = -k(r) + 2*n(r). Give d(-1).
5
Let o be (2 + -2 + 0)/2. Suppose o = -b - 0*b + 2. Let l be b/(-3) + 5/(-15). Let u(i) = i**3 + 3*i**2 + i. Calculate u(l).
1
Let h(g) = -g**3 + 5*g**2 - 6*g + 5. Let q be h(4). Let x(l) = l**3 + 3*l**2 + 4. Give x(q).
4
Let i(c) = c**2 - 2. Let l be 1/(-3) + (-12)/18. Let s be (1 + -1)/3 - l. Suppose 3 = -d + s. What is i(d)?
2
Let w(c) = c**3 - 2*c + c**2 - c + c**3 - 4. Let a(t) = -3*t**3 - t**2 + 4*t + 4. Let r(v) = -3*a(v) - 4*w(v). Suppose 0 = -6*z - 4*z. Give r(z).
4
Let z be 405/(-57) - (-8)/76. Let c(x) = -x - 12. What is c(z)?
-5
Let b(r) = -r**2 + 1 + 0*r + 2*r - 10*r**2. Suppose 0 = -5*t + 3*o - 2, -5*t = 4*o + 6 + 3. Calculate b(t).
-12
Let u(w) = -5*w + 6*w**2 + 2*w**3 - 27 + 22 - 3*w**3. Give u(5).
-5
Let t(p) = 5*p**3 + 26*p**2 + 31*p + 15. Let m(j) = j**3 + 5*j**2 + 6*j + 3. Let f(l) = -11*m(l) + 2*t(l). Let q be 0 - 2*1/1. Determine f(q).
1
Let v(a) be the second derivative of -a**5/20 - 7*a**4/12 - 4*a**3/3 - 7*a**2/2 + 11*a. Give v(-6).
5
Suppose 2*q = 4*t - t + 81, -5*q = -3*t - 180. Suppose -s = -3*n - 14, 4*n + q = 5*s - 4. Let z(a) = a**3 - 5*a**2 + 3*a - 6. Determine z(s).
9
Let v(h) = h. Let n(k) = -3*k - 4. Let t(l) = -n(l) - v(l). Give t(-6).
-8
Suppose 4*l - 11 - 5 = 0. Let j(y) be the second derivative of y**5/20 - y**4/3 + y**3/6 + y**2/2 - y. Give j(l).
5
Let a(u) = 2*u + 4. Let i(p) be the third derivative of -p**5/60 - 7*p**4/24 - 5*p**3/3 + 2*p**2. Let h be i(-7). Let l = h - -5. Calculate a(l).
-6
Let o = 6 + -6. Let d(r) = r**3 - 7*r**2 + 2*r**2 + 0*r**3 + o - 3. Calculate d(5).
-3
Let k(j) be the third derivative of j**5/60 + j**3/6 - 19*j**2. Calculate k(2).
5
Suppose -16*m + 11*m = -25. Let v(a) = a**2 - 5*a. Calculate v(m).
0
Let r = 2 + -2. Suppose 3*m = -5*w + 3, w + r*m + 3*m - 3 = 0. Let h(v) = v - v - v + w. What is h(2)?
-2
Let q = 4 - 2. Let x(y) = y**2 + 5*y + 4. Let k be x(-4). Let f(p) = 0 + k - 3 - p**q - p + 2. Determine f(-1).
-1
Let f(a) = a**3 - 6*a**2 + 6*a - 3. Let o = 7 - 2. What is f(o)?
2
Suppose -2*b - 30 = -5*x, -6 - 6 = -2*x - 3*b. Let y(h) = -h**3 + 5*h**2 + 7*h - 2. What is y(x)?
4
Let b(z) = 4*z - 1. Let x(s) = -s + 10. Let y be x(14). Calculate b(y).
-17
Let g(v) = v**2 - 17*v - 23. Let o be g(18). Let z(d) = 3*d**2 - 2*d - d**3 - 7*d**2 - 4 + 5*d. Calculate z(o).
6
Let l(g) = g**3 - 2*g**2 + 3*g - 2. Let y be l(2). Let r(n) be the second derivative of 0 - 1/12*n**4 + 0*n**2 + n**3 - n. What is r(y)?
8
Let m = 14 - 9. Let n(r)